rime number?
False
Is 94564719383 composite?
True
Is 511426879 composite?
True
Is 609068437 composite?
False
Is 12119568563 a prime number?
False
Is 107238365867 prime?
True
Is 93103607131 a composite number?
True
Is 5632261301 prime?
True
Is 2638474067 composite?
True
Is 4242434737 composite?
True
Is 7235092603 a composite number?
False
Is 8217777187 a composite number?
True
Is 4669790633 a composite number?
True
Is 30987270397 a prime number?
True
Is 463130518 prime?
False
Is 14059441051 a prime number?
False
Is 56994929951 prime?
False
Is 293076941 a prime number?
True
Is 7925040177 composite?
True
Is 350155927 a prime number?
False
Is 20521420009 prime?
True
Is 1628345309 composite?
False
Is 3301046189 a composite number?
True
Is 801606809 prime?
True
Is 3315703597 a prime number?
False
Is 263770153 a composite number?
True
Is 1025295619 a prime number?
False
Is 1622265721 a prime number?
True
Is 420449011 composite?
True
Is 1457444861 a prime number?
True
Is 7105405841 prime?
True
Is 1301728069 a prime number?
False
Is 7458723319 prime?
True
Is 7935222457 a composite number?
False
Is 11108812093 prime?
True
Is 13026968959 a composite number?
False
Is 1068759509 a composite number?
True
Is 1480108937 a composite number?
False
Is 11427577631 prime?
True
Is 1546390967 a prime number?
False
Is 367899541 a prime number?
True
Is 865881229 composite?
False
Is 6099543941 prime?
False
Is 41331583 a prime number?
False
Is 2800802969 composite?
False
Is 2262583957 prime?
True
Is 400976243 composite?
True
Is 10533426257 composite?
True
Is 28690395841 composite?
False
Is 1678969879 composite?
True
Is 22385135051 composite?
False
Is 18858086647 a composite number?
False
Is 1257772559 prime?
True
Is 110543581 a composite number?
False
Is 7334702363 composite?
True
Is 65729700989 composite?
True
Is 5552226167 a composite number?
False
Is 1129876067 a composite number?
True
Is 22510713751 prime?
False
Is 692436113 composite?
False
Is 661661929 a prime number?
False
Is 840497813 a prime number?
False
Is 33933499477 a prime number?
True
Is 4190806481 composite?
True
Is 856872949 composite?
False
Is 11775231313 composite?
True
Is 668535529 a composite number?
False
Is 306779119 a composite number?
True
Is 22739740477 prime?
True
Is 2187476015 a composite number?
True
Is 2235225197 a composite number?
False
Is 8314781 prime?
False
Is 453004769 composite?
True
Is 6314581333 prime?
True
Is 27030541627 a composite number?
False
Is 8361067235 prime?
False
Is 62709199057 a composite number?
True
Is 23001513811 a composite number?
True
Is 169351249 prime?
False
Is 1960073909 prime?
True
Is 19081431583 a composite number?
True
Is 1295276327 a prime number?
True
Is 101503799567 a composite number?
False
Is 24618102823 composite?
True
Is 40253219 composite?
True
Is 182958238423 a composite number?
True
Is 4307303465 prime?
False
Is 215641201483 a prime number?
True
Is 836791647 composite?
True
Is 2929479263 a composite number?
False
Is 4001208907 a composite number?
False
Is 298849319 prime?
True
Is 3090649141 a composite number?
False
Is 10415831443 composite?
True
Is 3406377041 a prime number?
False
Is 1191080281 a prime number?
False
Is 4812266911 prime?
True
Is 27321357991 a composite number?
True
Is 13552598347 composite?
False
Is 20669709283 prime?
True
Is 18486215821 a composite number?
True
Is 5823699209 composite?
True
Is 769062257 prime?
True
Is 1043551753 a prime number?
False
Is 1087553531 composite?
True
Is 47013809993 a composite number?
True
Is 21610208891 a composite number?
True
Is 2566471561 composite?
True
Is 12332233723 a prime number?
True
Is 5966974285 a composite number?
True
Is 4453748707 a composite number?
False
Is 92580161237 composite?
True
Is 77160046367 a prime number?
True
Is 21769497485 composite?
True
Is 84873875111 composite?
False
Is 1426660667 a composite number?
False
Is 3085129939 prime?
False
Is 19046251957 a prime number?
False
Is 7168795903 a composite number?
True
Is 5984411074 composite?
True
Is 46917753397 composite?
False
Is 199139827478 a prime number?
False
Is 7062220211 a composite number?
False
Is 69428377 prime?
False
Is 654675646 composite?
True
Is 155705087 prime?
True
Is 1863854561 a composite number?
False
Is 99935014393 a prime number?
False
Is 10890668267 composite?
True
Is 76787311633 composite?
False
Is 42181098881 a prime number?
False
Is 927640463 a composite number?
False
Is 3962562869 prime?
False
Is 4275179137 a composite number?
False
Is 130517185561 prime?
False
Is 1580344601 prime?
False
Is 1141184197 a prime number?
True
Is 47897683 a composite number?
False
Is 912246683 composite?
False
Is 5360065049 composite?
False
Is 1654112771 a composite number?
False
Is 4082627221 a prime number?
False
Is 2350318855 prime?
False
Is 464510287 a composite number?
False
Is 3599112311 composite?
True
Is 3574496395 prime?
False
Is 18404145377 a composite number?
True
Is 7924588237 a prime number?
False
Is 11542781506 prime?
False
Is 76508397341 prime?
True
Is 1255168019 composite?
True
Is 99622421 composite?
True
Is 448299779 composite?
True
Is 590720327 a prime number?
True
Is 905107262 composite?
True
Is 694974661 composite?
False
Is 57821505349 composite?
False
Is 110623249 composite?
True
Is 1239015667 a composite number?
False
Is 12143845691 composite?
False
Is 437786471 a prime number?
False
Is 139385750794 a prime number?
False
Is 1741357367 a prime number?
True
Is 25026986009 composite?
False
Is 10112598065 a prime number?
False
Is 21060979553 prime?
True
Is 363092689 prime?
False
Is 50991893543 composite?
False
Is 22284912953 prime?
False
Is 188097526993 prime?
True
Is 965141129 a prime number?
True
Is 2448336019 a composite number?
True
Is 13999424719 composite?
True
Is 106014897083 a prime number?
False
Is 8874938693 a prime number?
False
Is 357834119 prime?
True
Is 359670301 a composite number?
False
Is 58998352211 composite?
False
Is 151393573 a composite number?
True
Is 153399877 a prime number?
False
Is 129607282973 a prime number?
False
Is 2848409351 prime?
True
Is 698772517 a composite number?
True
Is 34557359 a composite number?
False
Is 372968707 a prime number?
False
Is 4955175353 a composite number?
True
Is 1584777823 composite?
False
Is 309925559 composite?
True
Is 4073017961 prime?
False
Is 10658074417 prime?
True
Is 3654481843 prime?
True
Is 367571987 a composite number?
True
Is 22580531249 composite?
True
Is 1491394747 a composite number?
False
Is 228860894387 a prime number?
False
Is 2154367429 a composite number?
False
Is 793515823 composite?
True
Is 231609163 composite?
True
Is 859146037 composite?
False
Is 2420141623 prime?
True
Is 91143850583 a composite number?
False
Is 53538011 a composite number?
True
Is 5501170109 a prime number?
False
Is 509130779 a prime number?
True
Is 16162636757 a prime number?
True
Is 45836395223 composite?
False
Is 127283251 composite?
True
Is 47404391837 a prime number?
False
Is 7264539323 a composite number?
False
Is 7687634501 a prime number?
True
Is 586008341 a prime number?
True
Is 17907308711 composite?
False
Is 30476657 a composite number?
False
Is 2999466719 composite?
False
Is 44977606207 a composite number?
False
Is 5963083117 a composite number?
False
Is 524493581 a prime number?
True
Is 10113100007 a prime number?
True
Is 1873852177 a composite number?
True
Is 238881869 a composite number?
False
Is 43238353043 prime?
True
Is 4819949137 prime?
False
Is 257129359 a composite number?
False
Is 78571523 prime?
True
Is 21398955059 composite?
False
Is 2358937069 prime?
True
Is 7033583 prime?
True
Is 5479262821 prime?
True
Is 28600835251 composite?
False
Is 1030017446 a prime number?
False
Is 64327184297 prime?
True
Is 15766361203 a composite number?
True
Is 2086545434 a prime number?
False
Is 1959632237 composite?
False
Is 18846688789 a composite number?
True
Is 1482706702 a prime number?
False
Is 26301222797 a composite number?
False
Is 4986620533 prime?
True
Is 7847077829 a prime number?
True
Is 65820623243 a prime number?
False
Is 3726412951 a composite number?
False
Is 33631757681 composite?
False
Is 1978251409 composite?
False
Is 31838032099 composite?
False
Is 8007238069 a prime number?
True
Is 7335300881 a prime number?
False
Is 286658279 prim